{"id":3395,"date":"2024-02-23T14:37:15","date_gmt":"2024-02-23T19:37:15","guid":{"rendered":"https:\/\/dencanta.jandatix.com\/home\/?post_type=product&#038;p=3395"},"modified":"2024-06-28T10:48:48","modified_gmt":"2024-06-28T15:48:48","slug":"colchon-ortopedico-100cm","status":"publish","type":"product","link":"https:\/\/dencanta.jandatix.com\/home\/producto\/colchon-ortopedico-100cm\/","title":{"rendered":"Colch\u00f3n ortop\u00e9dico 100cm"},"content":{"rendered":"<p>Colch\u00f3n ortop\u00e9dico de 100cm de ancho x 190cm de largo, fabricado con bloque de casaca y en su parte superior e inferior cuenta con una lamina de 3cm de espuma naranja con el fin de aumentar la suavidad y confort del mismo, tela satinada.<\/p>\n<p>Garantia: 5 a\u00f1os de deformidad en la espuma.<\/p>\n<p>AL COMPRAR TIENE LA OPCION POR SISTECREDITO\u00a0 Y BRILLA PROCESO DE COMPRA 3226585049.<\/p>\n<p>SI DESEAS VISITAR PUNTO DE VENTA FISICO POR FAVOR ESCRIBIR AL WHATSAPP 3226585049.<\/p>\n<p>&nbsp;<\/p>\n","protected":false},"excerpt":{"rendered":"<p>Colch\u00f3n ortop\u00e9dico de 100cm de ancho x 190cm de largo, fabricado con bloque de casaca y en su parte superior e inferior cuenta con una lamina de 3cm de espuma naranja con el fin de aumentar la suavidad y confort del mismo, tela satinada. Garantia: 5 a\u00f1os de deformidad en la espuma. AL COMPRAR TIENE &hellip;<\/p>\n<p class=\"read-more\"> <a class=\"\" href=\"https:\/\/dencanta.jandatix.com\/home\/producto\/colchon-ortopedico-100cm\/\"> <span class=\"screen-reader-text\">Colch\u00f3n ortop\u00e9dico 100cm<\/span> Leer m\u00e1s &raquo;<\/a><\/p>\n","protected":false},"featured_media":3396,"comment_status":"open","ping_status":"closed","template":"","meta":{"_uag_custom_page_level_css":"","site-sidebar-layout":"default","site-content-layout":"default","ast-global-header-display":"","ast-main-header-display":"","ast-hfb-above-header-display":"","ast-hfb-below-header-display":"","ast-hfb-mobile-header-display":"","site-post-title":"","ast-breadcrumbs-content":"","ast-featured-img":"","footer-sml-layout":"","theme-transparent-header-meta":"default","adv-header-id-meta":"","stick-header-meta":"","header-above-stick-meta":"","header-main-stick-meta":"","header-below-stick-meta":""},"product_brand":[],"product_cat":[36],"product_tag":[],"class_list":{"0":"post-3395","1":"product","2":"type-product","3":"status-publish","4":"has-post-thumbnail","6":"product_cat-colchones","7":"desktop-align-center","8":"tablet-align-left","9":"mobile-align-left","11":"first","12":"instock","13":"shipping-taxable","14":"purchasable","15":"product-type-simple"},"uagb_featured_image_src":{"full":["https:\/\/dencanta.jandatix.com\/wp-content\/uploads\/2024\/02\/Colchon-ortopedico-100cm.png",535,323,false],"thumbnail":["https:\/\/dencanta.jandatix.com\/wp-content\/uploads\/2024\/02\/Colchon-ortopedico-100cm-150x150.png",150,150,true],"medium":["https:\/\/dencanta.jandatix.com\/wp-content\/uploads\/2024\/02\/Colchon-ortopedico-100cm-300x181.png",300,181,true],"medium_large":["https:\/\/dencanta.jandatix.com\/wp-content\/uploads\/2024\/02\/Colchon-ortopedico-100cm.png",535,323,false],"large":["https:\/\/dencanta.jandatix.com\/wp-content\/uploads\/2024\/02\/Colchon-ortopedico-100cm.png",535,323,false],"1536x1536":["https:\/\/dencanta.jandatix.com\/wp-content\/uploads\/2024\/02\/Colchon-ortopedico-100cm.png",535,323,false],"2048x2048":["https:\/\/dencanta.jandatix.com\/wp-content\/uploads\/2024\/02\/Colchon-ortopedico-100cm.png",535,323,false],"woocommerce_thumbnail":["https:\/\/dencanta.jandatix.com\/wp-content\/uploads\/2024\/02\/Colchon-ortopedico-100cm-300x300.png",300,300,true],"woocommerce_single":["https:\/\/dencanta.jandatix.com\/wp-content\/uploads\/2024\/02\/Colchon-ortopedico-100cm.png",535,323,false],"woocommerce_gallery_thumbnail":["https:\/\/dencanta.jandatix.com\/wp-content\/uploads\/2024\/02\/Colchon-ortopedico-100cm-100x100.png",100,100,true],"dgwt-wcas-product-suggestion":["https:\/\/dencanta.jandatix.com\/wp-content\/uploads\/2024\/02\/Colchon-ortopedico-100cm-64x39.png",64,39,true]},"uagb_author_info":{"display_name":"JennyMi","author_link":"https:\/\/dencanta.jandatix.com\/home\/author\/"},"uagb_comment_info":0,"uagb_excerpt":"Colch\u00f3n ortop\u00e9dico de 100cm de ancho x 190cm de largo, fabricado con bloque de casaca y en su parte superior e inferior cuenta con una lamina de 3cm de espuma naranja con el fin de aumentar la suavidad y confort del mismo, tela satinada. Garantia: 5 a\u00f1os de deformidad en la espuma. AL COMPRAR TIENE&hellip;","_links":{"self":[{"href":"https:\/\/dencanta.jandatix.com\/home\/wp-json\/wp\/v2\/product\/3395","targetHints":{"allow":["GET"]}}],"collection":[{"href":"https:\/\/dencanta.jandatix.com\/home\/wp-json\/wp\/v2\/product"}],"about":[{"href":"https:\/\/dencanta.jandatix.com\/home\/wp-json\/wp\/v2\/types\/product"}],"replies":[{"embeddable":true,"href":"https:\/\/dencanta.jandatix.com\/home\/wp-json\/wp\/v2\/comments?post=3395"}],"wp:featuredmedia":[{"embeddable":true,"href":"https:\/\/dencanta.jandatix.com\/home\/wp-json\/wp\/v2\/media\/3396"}],"wp:attachment":[{"href":"https:\/\/dencanta.jandatix.com\/home\/wp-json\/wp\/v2\/media?parent=3395"}],"wp:term":[{"taxonomy":"product_brand","embeddable":true,"href":"https:\/\/dencanta.jandatix.com\/home\/wp-json\/wp\/v2\/product_brand?post=3395"},{"taxonomy":"product_cat","embeddable":true,"href":"https:\/\/dencanta.jandatix.com\/home\/wp-json\/wp\/v2\/product_cat?post=3395"},{"taxonomy":"product_tag","embeddable":true,"href":"https:\/\/dencanta.jandatix.com\/home\/wp-json\/wp\/v2\/product_tag?post=3395"}],"curies":[{"name":"wp","href":"https:\/\/api.w.org\/{rel}","templated":true}]}}