{"id":3372,"date":"2024-02-23T13:45:10","date_gmt":"2024-02-23T18:45:10","guid":{"rendered":"https:\/\/dencanta.jandatix.com\/home\/?post_type=product&#038;p=3372"},"modified":"2024-06-28T08:40:02","modified_gmt":"2024-06-28T13:40:02","slug":"colchon-ortopedico-120cm","status":"publish","type":"product","link":"https:\/\/dencanta.jandatix.com\/home\/producto\/colchon-ortopedico-120cm\/","title":{"rendered":"Colch\u00f3n ortop\u00e9dico 120cm"},"content":{"rendered":"<p>Colchon ortop\u00e9dico de 120cm de ancho x 190cm de largo, en su parte interna consta de espuma naranja densidad 23 y 1 lamina de casata en la parte superior e inferior, la tela es satinada.<\/p>\n<p>Peso m\u00e1ximo soportado es de 70 kg por persona.<\/p>\n<p>Garantia: \u00a03 a\u00f1os em deformidade de la espuma.<\/p>\n<p>AL COMPRAR TIENE LA OPCION POR SISTECREDITO\u00a0 Y BRILLA PROCESO DE COMPRA 3226585049.<\/p>\n<p>SI DESEAS VISITAR PUNTO DE VENTA FISICO POR FAVOR ESCRIBIR AL WHATSAPP 3226585049.<\/p>\n<p>&nbsp;<\/p>\n","protected":false},"excerpt":{"rendered":"<p>Colchon ortop\u00e9dico de 120cm de ancho x 190cm de largo, en su parte interna consta de espuma naranja densidad 23 y 1 lamina de casata en la parte superior e inferior, la tela es satinada. Peso m\u00e1ximo soportado es de 70 kg por persona. Garantia: \u00a03 a\u00f1os em deformidade de la espuma. AL COMPRAR TIENE &hellip;<\/p>\n<p class=\"read-more\"> <a class=\"\" href=\"https:\/\/dencanta.jandatix.com\/home\/producto\/colchon-ortopedico-120cm\/\"> <span class=\"screen-reader-text\">Colch\u00f3n ortop\u00e9dico 120cm<\/span> Leer m\u00e1s &raquo;<\/a><\/p>\n","protected":false},"featured_media":3379,"comment_status":"open","ping_status":"closed","template":"","meta":{"_uag_custom_page_level_css":"","site-sidebar-layout":"default","site-content-layout":"default","ast-global-header-display":"","ast-main-header-display":"","ast-hfb-above-header-display":"","ast-hfb-below-header-display":"","ast-hfb-mobile-header-display":"","site-post-title":"","ast-breadcrumbs-content":"","ast-featured-img":"","footer-sml-layout":"","theme-transparent-header-meta":"default","adv-header-id-meta":"","stick-header-meta":"","header-above-stick-meta":"","header-main-stick-meta":"","header-below-stick-meta":""},"product_brand":[],"product_cat":[36],"product_tag":[],"class_list":{"0":"post-3372","1":"product","2":"type-product","3":"status-publish","4":"has-post-thumbnail","6":"product_cat-colchones","7":"desktop-align-center","8":"tablet-align-left","9":"mobile-align-left","11":"first","12":"instock","13":"shipping-taxable","14":"purchasable","15":"product-type-simple"},"uagb_featured_image_src":{"full":["https:\/\/dencanta.jandatix.com\/wp-content\/uploads\/2024\/02\/Colchon-ortopedico-120cm-2.png",508,322,false],"thumbnail":["https:\/\/dencanta.jandatix.com\/wp-content\/uploads\/2024\/02\/Colchon-ortopedico-120cm-2-150x150.png",150,150,true],"medium":["https:\/\/dencanta.jandatix.com\/wp-content\/uploads\/2024\/02\/Colchon-ortopedico-120cm-2-300x190.png",300,190,true],"medium_large":["https:\/\/dencanta.jandatix.com\/wp-content\/uploads\/2024\/02\/Colchon-ortopedico-120cm-2.png",508,322,false],"large":["https:\/\/dencanta.jandatix.com\/wp-content\/uploads\/2024\/02\/Colchon-ortopedico-120cm-2.png",508,322,false],"1536x1536":["https:\/\/dencanta.jandatix.com\/wp-content\/uploads\/2024\/02\/Colchon-ortopedico-120cm-2.png",508,322,false],"2048x2048":["https:\/\/dencanta.jandatix.com\/wp-content\/uploads\/2024\/02\/Colchon-ortopedico-120cm-2.png",508,322,false],"woocommerce_thumbnail":["https:\/\/dencanta.jandatix.com\/wp-content\/uploads\/2024\/02\/Colchon-ortopedico-120cm-2-300x300.png",300,300,true],"woocommerce_single":["https:\/\/dencanta.jandatix.com\/wp-content\/uploads\/2024\/02\/Colchon-ortopedico-120cm-2.png",508,322,false],"woocommerce_gallery_thumbnail":["https:\/\/dencanta.jandatix.com\/wp-content\/uploads\/2024\/02\/Colchon-ortopedico-120cm-2-100x100.png",100,100,true],"dgwt-wcas-product-suggestion":["https:\/\/dencanta.jandatix.com\/wp-content\/uploads\/2024\/02\/Colchon-ortopedico-120cm-2-64x41.png",64,41,true]},"uagb_author_info":{"display_name":"JennyMi","author_link":"https:\/\/dencanta.jandatix.com\/home\/author\/"},"uagb_comment_info":0,"uagb_excerpt":"Colchon ortop\u00e9dico de 120cm de ancho x 190cm de largo, en su parte interna consta de espuma naranja densidad 23 y 1 lamina de casata en la parte superior e inferior, la tela es satinada. Peso m\u00e1ximo soportado es de 70 kg por persona. Garantia: \u00a03 a\u00f1os em deformidade de la espuma. AL COMPRAR TIENE&hellip;","_links":{"self":[{"href":"https:\/\/dencanta.jandatix.com\/home\/wp-json\/wp\/v2\/product\/3372","targetHints":{"allow":["GET"]}}],"collection":[{"href":"https:\/\/dencanta.jandatix.com\/home\/wp-json\/wp\/v2\/product"}],"about":[{"href":"https:\/\/dencanta.jandatix.com\/home\/wp-json\/wp\/v2\/types\/product"}],"replies":[{"embeddable":true,"href":"https:\/\/dencanta.jandatix.com\/home\/wp-json\/wp\/v2\/comments?post=3372"}],"wp:featuredmedia":[{"embeddable":true,"href":"https:\/\/dencanta.jandatix.com\/home\/wp-json\/wp\/v2\/media\/3379"}],"wp:attachment":[{"href":"https:\/\/dencanta.jandatix.com\/home\/wp-json\/wp\/v2\/media?parent=3372"}],"wp:term":[{"taxonomy":"product_brand","embeddable":true,"href":"https:\/\/dencanta.jandatix.com\/home\/wp-json\/wp\/v2\/product_brand?post=3372"},{"taxonomy":"product_cat","embeddable":true,"href":"https:\/\/dencanta.jandatix.com\/home\/wp-json\/wp\/v2\/product_cat?post=3372"},{"taxonomy":"product_tag","embeddable":true,"href":"https:\/\/dencanta.jandatix.com\/home\/wp-json\/wp\/v2\/product_tag?post=3372"}],"curies":[{"name":"wp","href":"https:\/\/api.w.org\/{rel}","templated":true}]}}