{"id":3348,"date":"2024-02-23T09:57:38","date_gmt":"2024-02-23T14:57:38","guid":{"rendered":"https:\/\/dencanta.jandatix.com\/home\/?post_type=product&#038;p=3348"},"modified":"2024-06-09T18:13:30","modified_gmt":"2024-06-09T23:13:30","slug":"colchon-anatomico","status":"publish","type":"product","link":"https:\/\/dencanta.jandatix.com\/home\/producto\/colchon-anatomico\/","title":{"rendered":"Colch\u00f3n anat\u00f3mico 100CM"},"content":{"rendered":"<p>Colch\u00f3n anat\u00f3mico de 100cm de ancho x 190cm de largo, en su parte interna consta de espuma naranja densidad 23 y 1 lamina de casata en la parte superior e inferior, la tela es satinada.<\/p>\n<p>El peso m\u00e1ximo soportado es de 70kg por persona<\/p>\n<p>Garant\u00eda: 3 a\u00f1os en deformidad de la espuma.<\/p>\n<p>AL COMPRAR TIENE LA OPCION POR SISTECREDITO\u00a0 Y BRILLA PROCESO DE COMPRA 3226585049.<\/p>\n<p>SI DESEAS VISITAR PUNTO DE VENTA FISICO POR FAVOR ESCRIBIR AL WHATSAPP 3226585049.<\/p>\n","protected":false},"excerpt":{"rendered":"<p>Colch\u00f3n anat\u00f3mico de 100cm de ancho x 190cm de largo, en su parte interna consta de espuma naranja densidad 23 y 1 lamina de casata en la parte superior e inferior, la tela es satinada. El peso m\u00e1ximo soportado es de 70kg por persona Garant\u00eda: 3 a\u00f1os en deformidad de la espuma. AL COMPRAR TIENE &hellip;<\/p>\n<p class=\"read-more\"> <a class=\"\" href=\"https:\/\/dencanta.jandatix.com\/home\/producto\/colchon-anatomico\/\"> <span class=\"screen-reader-text\">Colch\u00f3n anat\u00f3mico 100CM<\/span> Leer m\u00e1s &raquo;<\/a><\/p>\n","protected":false},"featured_media":3349,"comment_status":"open","ping_status":"closed","template":"","meta":{"_uag_custom_page_level_css":"","site-sidebar-layout":"default","site-content-layout":"default","ast-global-header-display":"","ast-main-header-display":"","ast-hfb-above-header-display":"","ast-hfb-below-header-display":"","ast-hfb-mobile-header-display":"","site-post-title":"","ast-breadcrumbs-content":"","ast-featured-img":"","footer-sml-layout":"","theme-transparent-header-meta":"default","adv-header-id-meta":"","stick-header-meta":"","header-above-stick-meta":"","header-main-stick-meta":"","header-below-stick-meta":""},"product_brand":[],"product_cat":[36],"product_tag":[],"class_list":{"0":"post-3348","1":"product","2":"type-product","3":"status-publish","4":"has-post-thumbnail","6":"product_cat-colchones","7":"desktop-align-center","8":"tablet-align-left","9":"mobile-align-left","11":"first","12":"instock","13":"shipping-taxable","14":"purchasable","15":"product-type-simple"},"uagb_featured_image_src":{"full":["https:\/\/dencanta.jandatix.com\/wp-content\/uploads\/2024\/02\/Col-ana-100cm.png",627,386,false],"thumbnail":["https:\/\/dencanta.jandatix.com\/wp-content\/uploads\/2024\/02\/Col-ana-100cm-150x150.png",150,150,true],"medium":["https:\/\/dencanta.jandatix.com\/wp-content\/uploads\/2024\/02\/Col-ana-100cm-300x185.png",300,185,true],"medium_large":["https:\/\/dencanta.jandatix.com\/wp-content\/uploads\/2024\/02\/Col-ana-100cm.png",627,386,false],"large":["https:\/\/dencanta.jandatix.com\/wp-content\/uploads\/2024\/02\/Col-ana-100cm.png",627,386,false],"1536x1536":["https:\/\/dencanta.jandatix.com\/wp-content\/uploads\/2024\/02\/Col-ana-100cm.png",627,386,false],"2048x2048":["https:\/\/dencanta.jandatix.com\/wp-content\/uploads\/2024\/02\/Col-ana-100cm.png",627,386,false],"woocommerce_thumbnail":["https:\/\/dencanta.jandatix.com\/wp-content\/uploads\/2024\/02\/Col-ana-100cm-300x300.png",300,300,true],"woocommerce_single":["https:\/\/dencanta.jandatix.com\/wp-content\/uploads\/2024\/02\/Col-ana-100cm-600x369.png",600,369,true],"woocommerce_gallery_thumbnail":["https:\/\/dencanta.jandatix.com\/wp-content\/uploads\/2024\/02\/Col-ana-100cm-100x100.png",100,100,true],"dgwt-wcas-product-suggestion":["https:\/\/dencanta.jandatix.com\/wp-content\/uploads\/2024\/02\/Col-ana-100cm-64x39.png",64,39,true]},"uagb_author_info":{"display_name":"JennyMi","author_link":"https:\/\/dencanta.jandatix.com\/home\/author\/"},"uagb_comment_info":0,"uagb_excerpt":"Colch\u00f3n anat\u00f3mico de 100cm de ancho x 190cm de largo, en su parte interna consta de espuma naranja densidad 23 y 1 lamina de casata en la parte superior e inferior, la tela es satinada. El peso m\u00e1ximo soportado es de 70kg por persona Garant\u00eda: 3 a\u00f1os en deformidad de la espuma. AL COMPRAR TIENE&hellip;","_links":{"self":[{"href":"https:\/\/dencanta.jandatix.com\/home\/wp-json\/wp\/v2\/product\/3348","targetHints":{"allow":["GET"]}}],"collection":[{"href":"https:\/\/dencanta.jandatix.com\/home\/wp-json\/wp\/v2\/product"}],"about":[{"href":"https:\/\/dencanta.jandatix.com\/home\/wp-json\/wp\/v2\/types\/product"}],"replies":[{"embeddable":true,"href":"https:\/\/dencanta.jandatix.com\/home\/wp-json\/wp\/v2\/comments?post=3348"}],"wp:featuredmedia":[{"embeddable":true,"href":"https:\/\/dencanta.jandatix.com\/home\/wp-json\/wp\/v2\/media\/3349"}],"wp:attachment":[{"href":"https:\/\/dencanta.jandatix.com\/home\/wp-json\/wp\/v2\/media?parent=3348"}],"wp:term":[{"taxonomy":"product_brand","embeddable":true,"href":"https:\/\/dencanta.jandatix.com\/home\/wp-json\/wp\/v2\/product_brand?post=3348"},{"taxonomy":"product_cat","embeddable":true,"href":"https:\/\/dencanta.jandatix.com\/home\/wp-json\/wp\/v2\/product_cat?post=3348"},{"taxonomy":"product_tag","embeddable":true,"href":"https:\/\/dencanta.jandatix.com\/home\/wp-json\/wp\/v2\/product_tag?post=3348"}],"curies":[{"name":"wp","href":"https:\/\/api.w.org\/{rel}","templated":true}]}}