{"id":328,"date":"2022-04-05T08:08:05","date_gmt":"2022-04-05T13:08:05","guid":{"rendered":"https:\/\/dencanta.jandatix.com\/home\/about\/"},"modified":"2023-03-13T13:31:11","modified_gmt":"2023-03-13T18:31:11","slug":"nosotros","status":"publish","type":"page","link":"https:\/\/dencanta.jandatix.com\/home\/nosotros\/","title":{"rendered":"Nosotros"},"content":{"rendered":"<div class=\"wp-block-uagb-container uagb-block-be210657 alignfull uagb-is-root-container\"><div class=\"uagb-container-inner-blocks-wrap\"><div class=\"wp-block-uagb-container uagb-block-ec1867f3\"><div class=\"wp-block-uagb-info-box uagb-block-55386955 uagb-infobox__content-wrap  uagb-infobox-icon-above-title uagb-infobox-image-valign-top\"><div class=\"uagb-ifb-content\"><div class=\"uagb-ifb-title-wrap\"><h3 class=\"uagb-ifb-title\">Quienes Somos:<\/h3><\/div><p class=\"uagb-ifb-desc\">Somos una empresa vallecaucana amantes de nuestra regi\u00f3n y su gente, que ofrece productos \u00fanicos en el mercado, de alta calidad y dise\u00f1os al gusto de toda nuestra clientela. Ponemos nuestro coraz\u00f3n en todo lo que hacemos, prestando atenci\u00f3n hasta los m\u00e1s m\u00ednimos detalles.<\/p><\/div><\/div>\n\n<div class=\"wp-block-uagb-info-box uagb-block-1625bb04 uagb-infobox__content-wrap  uagb-infobox-icon-above-title uagb-infobox-image-valign-top\"><div class=\"uagb-ifb-content\"><div class=\"uagb-ifb-title-wrap\"><h3 class=\"uagb-ifb-title\">Nuestra Misi\u00f3n:<\/h3><\/div><p class=\"uagb-ifb-desc\">Comercializar un producto con dise\u00f1o de alta calidad, que sea del agrado de nuestros clientes generando fidelizaci\u00f3n.<\/p><\/div><\/div>\n\n<div class=\"wp-block-uagb-info-box uagb-block-ea50f376 uagb-infobox__content-wrap  uagb-infobox-icon-above-title uagb-infobox-image-valign-top\"><div class=\"uagb-ifb-content\"><div class=\"uagb-ifb-title-wrap\"><h3 class=\"uagb-ifb-title\">Nuestra Visi\u00f3n:<\/h3><\/div><p class=\"uagb-ifb-desc\">Llegar a muchos hogares Vallecaucanos, con una propuesta de buen gusto, confort y elegancia de nuestros productos en: muebler\u00eda, colchoner\u00eda y lencer\u00eda para el hogar, generando experiencias acogedoras y una mejor calidad de vida.<\/p><\/div><\/div><\/div><\/div><\/div>","protected":false},"excerpt":{"rendered":"","protected":false},"author":1,"featured_media":0,"parent":0,"menu_order":0,"comment_status":"closed","ping_status":"closed","template":"","meta":{"_uag_custom_page_level_css":"","site-sidebar-layout":"no-sidebar","site-content-layout":"plain-container","ast-global-header-display":"","ast-main-header-display":"","ast-hfb-above-header-display":"","ast-hfb-below-header-display":"","ast-hfb-mobile-header-display":"","site-post-title":"disabled","ast-breadcrumbs-content":"","ast-featured-img":"disabled","footer-sml-layout":"","theme-transparent-header-meta":"default","adv-header-id-meta":"","stick-header-meta":"","header-above-stick-meta":"","header-main-stick-meta":"","header-below-stick-meta":"","footnotes":""},"class_list":["post-328","page","type-page","status-publish","hentry"],"uagb_featured_image_src":{"full":false,"thumbnail":false,"medium":false,"medium_large":false,"large":false,"1536x1536":false,"2048x2048":false,"woocommerce_thumbnail":false,"woocommerce_single":false,"woocommerce_gallery_thumbnail":false,"dgwt-wcas-product-suggestion":false},"uagb_author_info":{"display_name":"admin","author_link":"https:\/\/dencanta.jandatix.com\/home\/author\/admin\/"},"uagb_comment_info":0,"uagb_excerpt":null,"_links":{"self":[{"href":"https:\/\/dencanta.jandatix.com\/home\/wp-json\/wp\/v2\/pages\/328","targetHints":{"allow":["GET"]}}],"collection":[{"href":"https:\/\/dencanta.jandatix.com\/home\/wp-json\/wp\/v2\/pages"}],"about":[{"href":"https:\/\/dencanta.jandatix.com\/home\/wp-json\/wp\/v2\/types\/page"}],"author":[{"embeddable":true,"href":"https:\/\/dencanta.jandatix.com\/home\/wp-json\/wp\/v2\/users\/1"}],"replies":[{"embeddable":true,"href":"https:\/\/dencanta.jandatix.com\/home\/wp-json\/wp\/v2\/comments?post=328"}],"version-history":[{"count":28,"href":"https:\/\/dencanta.jandatix.com\/home\/wp-json\/wp\/v2\/pages\/328\/revisions"}],"predecessor-version":[{"id":2113,"href":"https:\/\/dencanta.jandatix.com\/home\/wp-json\/wp\/v2\/pages\/328\/revisions\/2113"}],"wp:attachment":[{"href":"https:\/\/dencanta.jandatix.com\/home\/wp-json\/wp\/v2\/media?parent=328"}],"curies":[{"name":"wp","href":"https:\/\/api.w.org\/{rel}","templated":true}]}}